composite number?
False
Suppose 419*g = 531*g - 10136368 - 12813888. Is g prime?
True
Is (3/(-8)*2459323/(-93))/((-1)/(-8)) composite?
False
Let s = 15242 + -32205. Let w = s - -26610. Is w a prime number?
False
Let i(a) = a**3 + 38*a**2 - 11*a + 61. Is i(-29) composite?
False
Let k = -64 - -91. Suppose -21*q = -k*q - 110832. Let t = q + 27479. Is t a composite number?
False
Let a(m) = -1938*m**3 + 5*m + 4. Let d be (0 + -1)*(39 + -38). Is a(d) prime?
False
Suppose p = -5*f - 2*p - 12, -5*f = -2*p - 8. Suppose 3*w = -f*w + 5829. Is w a composite number?
True
Let i(h) = -h + 13. Suppose 9*p - 8*p - 11 = 0. Let v be i(p). Suppose 2332 = -v*t + 6*t. Is t composite?
True
Let h = 3 + -1. Let j(a) = -6*a**2 - 315*a - 15. Let q be j(-10). Suppose h*l + 2*d = 3426, -3*d - q = -l - 830. Is l prime?
False
Let u = -238708 - -636167. Is u a composite number?
False
Let x be 1 + -15 - -13 - 2028/2. Let w(j) = -189*j**2 + j - 2. Let u be w(-3). Let r = x - u. Is r a composite number?
False
Let t(n) = n**3 + n**2 + n + 914. Let z(r) be the second derivative of -r**5/20 - 5*r**4/3 - 5*r. Let b be z(-20). Is t(b) prime?
False
Suppose 2*p - 2*l = 110248, -5*p - 8*l + 5*l + 275628 = 0. Suppose -10*q = 14015 - p. Is q composite?
False
Let t = 110189 + -56026. Is t a composite number?
False
Let a be 202/((-1)/1392*-6). Suppose -8*w - 8*w + a = 0. Is w a composite number?
True
Let o be -1 - -1*52 - (1 - 2). Let g(c) = o*c + 54 - 3*c - 10 + 9. Is g(12) composite?
False
Suppose 3*d + 731 = -4*u + 44789, -4*d + 58745 = 5*u. Suppose -d = -4*s - 3270. Is s composite?
True
Let y be 9380/(-4) + (0 - -2). Suppose -6*m + 20718 = -2166. Let i = y + m. Is i a prime number?
True
Let p(w) = 3*w + 3037. Let h = 76 - 76. Suppose -10*v + h*v = 0. Is p(v) composite?
False
Let u(g) be the second derivative of -3*g**5/10 - 7*g**4/12 - 13*g**3/6 - 7*g**2/2 + 79*g. Is u(-6) composite?
True
Is ((-171)/(-18) - 9)*1502 composite?
False
Let i(h) = -2*h**3 - 19*h**2 + 19*h + 37. Is i(-80) prime?
True
Let z(s) = -s**3 + s**2 + s - 9. Let q be z(0). Let t = q - -16. Suppose -t*k - 901 = -3*n - 3*k, 4*k + 1196 = 4*n. Is n a prime number?
False
Let u = 11 - 13. Let s(c) = -34*c + 9. Let d be s(u). Is (11/d + (-18)/28)*-154 prime?
False
Let g(c) = 122*c**3 + 8*c**2 - 9*c + 22. Is g(5) a prime number?
True
Let z(s) = -4*s**2 + 2*s + 5. Let g be z(5). Let v = g + 102. Let o(q) = 2*q**2 + 7*q - 48. Is o(v) composite?
True
Suppose 4*c = 2*f + 10, -f = -0*c + 4*c - 25. Let v be (2/f)/(4/140). Is 2 - v*(-429)/6 a composite number?
True
Suppose 5*q - 2201441 = -4*g, -491*g = -494*g - 3*q + 1651086. Is g a composite number?
False
Suppose -i = -h - 561516, 4*h = -29*i + 30*i - 561501. Is i composite?
False
Let m(w) = -31*w**3 - w**2 - 5. Let p be m(-3). Let k = 441 - p. Is k*3/(-12)*(0 + 2) composite?
False
Let d(l) = -107*l + 7. Let u(b) = -13*b. Let h(r) = -d(r) - u(r). Suppose 31 = 3*a + 2*p - 4, -29 = -a - 5*p. Is h(a) a composite number?
True
Let b = 25982 + -10929. Is b prime?
True
Suppose 0 = -131*y + 10*y + 2326951. Is y a composite number?
False
Let b = -51 - -18. Let o = b - -47. Suppose -425 - o = -u. Is u a prime number?
True
Let s(l) = -l - 2*l + 3*l - 5 + 2*l + 10*l**2. Let y be s(3). Suppose -3*d = -v - y - 2269, -d - 3*v + 770 = 0. Is d prime?
False
Let a = 1175877 + -485650. Is a prime?
False
Let o(g) = 4104*g**2 + 23*g - 24. Is o(1) a composite number?
True
Let o be 37965/20 - (-2)/(-8). Suppose -3*x - o = d + 2*x, -3*d + 3*x = 5694. Is (0 - d/(-2))/(-1) a composite number?
True
Let y = 39787 - -1534. Is y composite?
True
Let s(v) = -422*v**3 + v**2 + 5*v + 4. Let i be (15/18)/((-3)/(-18)). Let n(j) = 422*j**3 - j**2 - 6*j - 5. Let g(o) = i*s(o) + 4*n(o). Is g(-1) prime?
False
Suppose o - 5*y - 125033 = 0, 3*y = 71*o - 76*o + 625333. Is o composite?
False
Let c be ((-66)/(-44))/(6/26144). Let r = c - 87. Is r a prime number?
True
Is (-1 - -456169) + 7514/289 a prime number?
False
Suppose 4*z - v - 2*v = 1600, 4*z = -3*v + 1576. Suppose -3790 = -5*m + u, m = 3*u + 375 + z. Is m a prime number?
True
Let n = -273 + 287. Suppose 5*y + n*q = 11*q + 1175, -y + 235 = q. Is y prime?
False
Let x be ((-7)/12)/(2/(-8))*3. Let b(u) = -2 + 1 + 8*u**2 - x + 11*u - 2. Is b(-7) a prime number?
False
Suppose -5*h + 4*h + 6497 = m, m - 6493 = -2*h. Suppose 3*t - 18 = m. Is t a prime number?
False
Let i be (9/6 - 2)/((-11)/44). Let o = -5 + 8. Suppose 0 = -i*a + o*a + 2*m - 651, 2*a = 5*m + 1320. Is a a prime number?
False
Suppose 0 = 115*b - 111*b + 8. Is b*10/12 + (-1200)/(-18) a composite number?
True
Suppose u - 65 = -2*i, -i + 30 = -0*i + u. Suppose p + i = -4*p. Let v(r) = -2*r**3 - 6*r**2 + 16*r + 7. Is v(p) prime?
False
Suppose 16*t = -11*t + 77 - 23. Let u = -52 - -9. Is t/((-4)/6)*(u + 2) prime?
False
Let f(t) be the first derivative of -1291*t**2/2 + 33*t + 64. Is f(-4) a prime number?
True
Let z(j) = -2565*j - 1760. Is z(-27) a prime number?
False
Let r = 2440 - 49. Suppose -3*v - 4*h = -r, 1760 + 1428 = 4*v - 2*h. Is v a composite number?
False
Let w(c) = -5386*c - 1133. Is w(-21) composite?
False
Let d = -209 + 212. Suppose p + d*y = 1984, p = y + 1920 + 60. Is p a prime number?
False
Suppose -1571218 = -4*c - q, 2749615 = -3*c + 10*c - q. Is c composite?
False
Let j be 3/(((-10)/(-30))/(15446/6)). Suppose 6*z - j - 79293 = 0. Is z prime?
True
Let j(b) = b - 1. Let p be j(9). Suppose -13*v = -p*v - 15. Suppose -2*c + 4191 = v*r, -4*c + 1387 = 2*r - r. Is r composite?
False
Is 8/72*-33*-5331 a composite number?
True
Suppose -7*w - 39512 = -3987. Let n = w + 8770. Is n a composite number?
True
Let j be 2 + ((-12)/(-3) - 8). Is -6 + 4 - -1*(-3470)/j prime?
True
Let p(a) = -3685*a - 125. Let l be p(5). Let n = l + 27663. Is n prime?
False
Let a be 4 - -36337 - (1 - 7). Suppose -5*h + 11598 = 5*c - a, 3*c - 5*h = 28751. Is c a prime number?
True
Let l = 1020 - 995. Suppose 0 = -2*s + 2*i + 11000, l*i = s + 27*i - 5503. Is s prime?
True
Suppose 2670*g - 2723*g = -1117717. Is g a prime number?
True
Let f(g) = 15*g + 204. Let y be f(-13). Is 3943*(6 + (4 - y)) a prime number?
True
Let z be (-3 - -16 - 12)/(2/4). Suppose -z*t + 26711 = -3023. Is t a composite number?
False
Suppose -1028*h - 362537 = -1035*h. Is h a composite number?
True
Let l(d) = -5*d**3 + 159*d**2 + 12*d - 33. Is l(-11) composite?
True
Let o = -258 + 5419. Let d = -1518 + o. Is d prime?
True
Is -2*(16031383/(-38) + 3) composite?
True
Suppose -4*x + 24668 + 47982 = 5*p, x + 2*p - 18167 = 0. Is x composite?
True
Suppose 3*t = t + 14. Suppose 8*d - 3015 = t*d. Suppose -4*n = 5*n - d. Is n composite?
True
Suppose -4*d - 35 = -71. Let b(x) = 2*x**3 + 13*x**2 - 14*x + 26. Is b(d) prime?
True
Suppose -555 - 170 = -5*u. Let v = u + -84. Suppose 4*i - 3*a - 266 = 0, 3*i = 4*i + 2*a - v. Is i prime?
False
Let w(f) = 9*f**2 - f - 7. Let r be ((-15)/10)/((-3)/12). Is w(r) a composite number?
False
Suppose 2*g = 12, w - 1345621 = 25*g - 28*g. Is w composite?
True
Suppose -4*h + 8243347 = 3141719. Is h composite?
True
Let k(c) = 125*c**2 - 3*c + 12. Let j be k(-6). Let v = j + -2855. Suppose -5*s - p + 5*p = -v, -3*s + 973 = 4*p. Is s a composite number?
False
Is (-28 - -8 - -11) + 42518 composite?
False
Let v(u) = -1284*u - 11063. Is v(-159) prime?
True
Suppose 5*g = a + 458, -2*g + 5*a - 4*a + 182 = 0. Let k = 17 + g. Is k a composite number?
False
Suppose 13*m - 159994 = 16*m - 5*m. Is m a prime number?
True
Let a be (-79)/(12/2 - 5). Is -17*(a + -1) - (-5 + 4) prime?
True
Let u(n) = n. Let s(t) = -229*t - 1. Let g(x) = -s(x) + 3*u(x). Let k be g(2). Suppose 531 = 6*i - k. Is i prime?
False
Let w = 25 + -19. Suppose 104 = -w*l + 7*l. Suppose 3*k - 4*d = 555, -k - 4*d + 81 + l = 0. Is k composite?
True
Let b = -55615 - -131274. Is b prime?
True
Let m(b) = 713*b**3 + 55*b**2 - 11*b + 56. Is m(9) composite?
False
Suppose -8*v = -4*v - 52. Let r(w) = 3*w + 24*w + v + w + 7*w. Is r(6) a composite number?
False
Let m = -7412 - -3015. Let x = -460 - m. Is x a composite number?
True
Is (-34159200)/(-72) - -2*3/(-18) a composite number?
False
Suppose 317*i - 20184168 = 98*i + 188422311. Is i prime?
True
Suppose 24*b - 14*b = 20. Suppose b*c - 19717 = 2*i - 7*i, -c = -i + 3942. Is i prime?
True
Let m be (-2)/(-14) + (-2169285)/(-105) - -5. Suppose